k(l).
-3
Let t(j) = j + 2 + 1 - 2. Suppose -3 + 48 = -5*n. Let v = n + 11. Give t(v).
3
Suppose 6 = 4*k - r, 4*k + 2 = -5*r - 4. Let y(n) = 10*n**2. Give y(k).
10
Let o(k) = -2*k + 7*k**2 + 0 + k**3 - 9*k**2 + 1 + 3. Determine o(3).
7
Let p(j) = 3*j**2 + j - 1. Let o = 16 - 26. Let g = o + 11. What is p(g)?
3
Let o(m) = m + 4. Let j(q) = q - q**2 + 0*q + 7 + 8*q. Let n be j(10). Give o(n).
1
Let d = 1 - -5. Suppose -6*p + 5*q - 34 = -2*p, -p - 2*q = 2. Let m be p/15 + d/(-10). Let v(b) = -5*b + 1. What is v(m)?
6
Let f(d) = 6*d**3 - 2*d**2 + 1. Suppose 22*w - 1 = 23*w. Give f(w).
-7
Let c(t) = -t**2 + 3*t - 2. Let m = 13 + -11. What is c(m)?
0
Let y be ((-1)/(-2))/(3/54)*1. Let f(z) = z**2 - 8*z - 11. Give f(y).
-2
Let j(f) be the third derivative of -1/24*f**4 - 4/3*f**3 - 2*f**2 + 0 + 0*f. Let w be j(-7). Let c(x) = x. What is c(w)?
-1
Let t be 4/18 + 94/(-18). Let a(n) be the first derivative of -n**4/24 - n**3/6 - n**2 + 2. Let m(d) be the second derivative of a(d). Give m(t).
4
Let u(g) = 3 - 10*g + 3*g**2 - g**2 - 12 - 3*g**2. Determine u(-7).
12
Let z(v) be the second derivative of v**4/4 - 32*v. What is z(-1)?
3
Suppose -2 = -2*b + 6. Suppose -20 + 0 = b*p. Let u(z) be the third derivative of z**6/120 + z**5/12 - z**3/2 + z**2. Determine u(p).
-3
Let q be 1/(-3 - -4) + 4. Let a(v) = v. Calculate a(q).
5
Suppose 2*m = 5*w + 5*m - 46, 0 = 3*w - 4*m - 16. Suppose -w*t - 2*p = -4*t - 2, -5 = -t - 5*p. Let f(j) = j**3 + j**2 - j + 13. Calculate f(t).
13
Suppose 7*w + 13 = -15. Let v(b) = -b**3 - 5*b**2 - 3*b - 3. Determine v(w).
-7
Let o(n) = n**2 + 2*n - 7. Let t be o(-5). Let u(m) = m - 10*m + 3 + t*m. What is u(6)?
-3
Let g(n) = -n**3 + 4*n**2 + 6*n + 1. Let w be g(5). Let i(z) be the first derivative of -z**3/3 + 9*z**2/2 - 9*z + 29. Calculate i(w).
9
Suppose -1 + 18 = -5*w + 4*b, 5*w + 2*b + 29 = 0. Let v(y) be the third derivative of y**4/12 + y**3/2 - 3*y**2. Calculate v(w).
-7
Let m(u) = u**3 - 2*u**2 + u + 2. Suppose 2*w + 2*w + 3*b = 10, -5*w = -5*b - 30. Let v(c) = c**2 - 5*c + 6. Let n be v(w). Calculate m(n).
4
Let p(k) = 4*k**3 + k**2 + 2*k + 1. Let o be p(-1). Let x(b) = 3*b + 3. Let h be x(o). Let n = 11 + h. Let s(z) = -2*z + 1. Give s(n).
-3
Let x(g) = g**2. Let w be x(2). Let l(y) be the third derivative of 1/12*y**w - y**2 + 1/60*y**5 + 0 + 0*y - 7/6*y**3. What is l(-5)?
8
Let g(m) be the first derivative of m**5/60 - m**4/24 + m**3/3 - 1. Let n(v) be the third derivative of g(v). Let p(x) = x + 19. Let t be p(-18). What is n(t)?
1
Let h(x) = -20*x**3 + 4*x + 3. Let y(c) = -21*c**3 + 3*c + 2. Let l(j) = -3*h(j) + 4*y(j). What is l(-1)?
23
Let w(a) = -a**2 - 4*a - 1. Let x(g) = -2*g**2 - 5*g. Let o(l) = -4*w(l) + 3*x(l). Let y(s) be the first derivative of o(s). Determine y(1).
-3
Let b(o) be the second derivative of o**4/4 + o**3/3 - 2*o**2 + o - 4. Calculate b(3).
29
Let g(z) be the first derivative of -z**3/3 + 3*z**2 + 4*z + 8. Determine g(8).
-12
Let r(o) = o**2 + 7*o - 2. Let f be ((-7)/(-3))/7 + 25/(-3). Determine r(f).
6
Let n(b) = -4*b - 1. Suppose 12*g + 6 = 14*g. Give n(g).
-13
Let s(h) = -5*h + 3. Let q be (-2)/4 - (-2)/4. Suppose -2*k - k + 27 = q. Let n = k + -7. Give s(n).
-7
Let f(d) = -d**3 + 3*d**2 + 4*d - 6. Let x be 1 + 4*2 + -1. Let t = x + -4. Determine f(t).
-6
Let c be (-48)/9 - 4/(-12). Let f(p) = -p. Let h(w) = -w**2 + 5. Let q(j) = -5*f(j) - h(j). What is q(c)?
-5
Suppose 2*j - 6 + 0 = 2*k, 0 = 5*k - 3*j + 21. Let n(v) = v - 1. Let m(d) = 7*d. Let c(i) = m(i) - 6*n(i). Calculate c(k).
0
Let g(y) = -5*y - 1. Suppose 2*o + 5 = -b + 1, 0 = -o + b + 1. Calculate g(o).
4
Let x(h) = 2*h**2 - 5*h + 5. Let g(d) = 1. Let r(y) = -6*g(y) + x(y). What is r(5)?
24
Let f(g) = -3*g**3 + 1. Let w be f(1). Suppose -2*m - 7 = 3. Let c = m - w. Let a(s) = -s**3 - 3*s**2 - s - 2. What is a(c)?
1
Let h(n) be the third derivative of n**5/60 - 2*n**3/3 + 9*n**2. What is h(-3)?
5
Suppose -16 = 5*z - k, 0 = -3*z + k + 2*k. Let w be z/(-4)*1/(-1). Let b(h) be the second derivative of -h**3 - h**2/2 + h. Give b(w).
5
Let c(i) = -3*i**3 + 1 - 3 + 0. Give c(2).
-26
Let u(x) = 4*x**3 + 7*x**2 + 7*x - 10. Let q(r) = 3*r**3 + 6*r**2 + 7*r - 9. Let c(s) = 5*q(s) - 4*u(s). Calculate c(4).
-9
Let t(u) = u + 10 + 121*u**3 - 2*u - 7*u - 120*u**3 + 7*u**2. Give t(-8).
10
Suppose -3*d + r + 24 = 0, 0 = d - r + 6*r - 8. Let i(v) = d*v + 3 - 2 - v. Let a be (-1)/3 + (-24)/(-18). Calculate i(a).
8
Let a(f) = -2*f - 3*f**3 + 0*f + f - f**2 + 2*f**2 + 1. Determine a(1).
-2
Let c(t) be the third derivative of -t**6/360 + t**5/40 + t**4/8 + 2*t**3/3 + 3*t**2. Let w(q) be the first derivative of c(q). Determine w(4).
-1
Let i be ((-6)/(-2) + -3)/4. Let c(r) = r**2 - 3*r + 4. Let f(w) = 6*w**2 - 16*w + 21. Let k(q) = 11*c(q) - 2*f(q). Calculate k(i).
2
Let s be 1/((-27)/(-15) - 2). Let g(f) = -f**2 - 5*f. What is g(s)?
0
Let z(d) be the third derivative of -d**6/120 + 3*d**5/20 - 7*d**3/6 + 22*d**2. Give z(9).
-7
Let y(c) be the first derivative of 2*c**3/3 + 7*c**2/2 - 8*c + 17. Determine y(-6).
22
Let l(s) = s - 4. Let v be l(6). Let u(p) = -3*p + 3*p**v + 0*p**2 + p**3 - 2*p + 5 + p**2. Give u(-5).
5
Let n(l) = -6*l - 66. Let s be n(-11). Let v(b) = -b**3 - b**2 - b + 4. Give v(s).
4
Let f(l) = l**2 - 10*l + 7. Suppose -s = 12*s - 130. What is f(s)?
7
Let s(g) = -g**3 + 8*g**2 - 7*g + 4. Let t be s(7). Let u = 4 - t. Let w be -1 + (-2 - (u - -1)). Let b(x) = x**3 + 4*x**2 + 2*x + 6. Determine b(w).
-2
Suppose 0 = 3*c + 3 - 9. Suppose 3*h - c*h + 2 = 0. Let v(y) be the third derivative of -y**4/6 + y**2. Calculate v(h).
8
Let c(d) = -20*d + 4. Let u(h) = -4*h + 1. Let l(f) = -2*c(f) + 11*u(f). Let i(z) = z**2 + z. Let w be i(1). What is l(w)?
-5
Let z(b) = -2*b + 3. Let d be (-6)/12*6 - (-12 + 1). Calculate z(d).
-13
Let p be 1*3 + 1/((-3)/6). Let i(z) = -6*z - 1. Give i(p).
-7
Let k(z) = z**3 + 1 - 9*z**2 + 3 + 3*z - 5*z + z. Calculate k(9).
-5
Suppose 12 = 5*y - 38. Let l be (5 - -1)*(-5)/y. Let f(q) = q**2 + 4*q + 2. Let h(r) = -3*r**2 - 11*r - 6. Let w(m) = 11*f(m) + 4*h(m). What is w(l)?
-11
Let j(m) be the third derivative of m**4/8 - m**3/6 - 38*m**2. Give j(-2).
-7
Let k(p) = -2*p**3 - 7*p**2 - p + 8. Let j(u) = -8 + 2*u**2 + 38*u + 5*u**2 - 37*u + 2*u**3 - u**3. Let z(f) = 3*j(f) + 2*k(f). Calculate z(7).
-1
Let r(i) = -i**3 - 8*i**2 - i - 5. Let f be r(-8). Suppose -y - 12 = -f*y. Let p(c) = c**3 + 21 - 10 + 5*c + 2*c**2 - 9 - 9*c**2. Give p(y).
-4
Let m(b) = b**3 + b**2 - b - 7. Let z be 5/(-2 - (-18)/8). Suppose 2*d = -u - 3*d + z, 3*d = -3*u + 12. Calculate m(u).
-7
Suppose -6 = 86*z - 84*z. Let o be -2 - (-4 - 0/(-2)). Let y(v) = -5*v - v**2 + o + 0*v**2 + 4*v. Give y(z).
-4
Let g(f) = -f**3 + 3*f + 0*f - f - 3. Let x be (-5)/3*(-12)/10. Determine g(x).
-7
Let x be 0*((-28)/8 + 3). Let k(t) be the second derivative of x + t + 1/6*t**3 - 1/2*t**2. Calculate k(-3).
-4
Let n = 23 - 21. Let h(a) be the second derivative of 2*a**n + 2*a - 1/12*a**4 + 0 - 1/2*a**3. Calculate h(-4).
0
Let t(q) = 2*q - 8. Let g = -1 + 4. Let a(c) = -3*c + 15. Let l(x) = g*a(x) + 5*t(x). Let j be 0*((-9)/6)/(-3). Give l(j).
5
Let k(v) be the second derivative of v**5/20 + 5*v**4/12 + v**3/6 - v**2/2 + 3*v. Give k(-4).
11
Let v(f) = 7*f - 14. Let k(r) = 1. Let i(b) = -k(b) - v(b). Let w(h) = -11*h + 20. Let m(p) = -8*i(p) + 5*w(p). Determine m(-3).
-7
Let u(r) = -r**3 - 5*r**2 - 5*r + 6. Let g(d) = d**2 + d - 1. Suppose 3*h - 23 = -8. Let w(o) = h*g(o) + u(o). Give w(1).
0
Suppose 0 = -4*s + x + 29, 0*s - 15 = -5*s - 3*x. Let t(l) = l**2 - 8*l + 7. Give t(s).
-5
Let o(r) be the third derivative of r**6/720 - r**5/120 - r**4/24 - r**2. Let j(g) be the second derivative of o(g). Calculate j(4).
3
Let a = -6 - -3. Let d(x) = -3*x + 3 + x**2 - x + 5*x. What is d(a)?
9
Let j(x) = -x**2 + 4*x - 2. Suppose 16 = -4*v - 5*p - 0*p, -2*v - 10 = 2*p. Let d be 50/(-18) - (-2)/v. Let z be (-2 - -8)*(-2)/d. What is j(z)?
-2
Let k(w) = 6*w + 4. Let q(i) = -7*i - 4. Let z(r) = 6*k(r) + 5*q(r). Let o be 2/(-9) - 129/27. Determine z(o).
-1
Let a(q) = -q + 2. Let s be 1/(-5) + (-9)/5. Let t be (s/1)/((-4)/14). Suppose -1 = 2*j - t. Give a(j).
-1
Suppose 2*v + 25 = 7*v. Let s(i) = 6*i - 2*i**2 + 6 - 2*i**2 + v*i**2. What is s(-6)?
6
Let g(y) be the second derivative of